s the ten millions digit of 1738132296?
3
What is the ten thousands digit of 840754488?
5
What is the hundred millions digit of 312294889?
3
What is the ten thousands digit of 170375078?
7
What is the units digit of 32762460?
0
What is the units digit of 32146158?
8
What is the tens digit of 37946058?
5
What is the ten millions digit of 706970374?
0
What is the hundreds digit of 171974607?
6
What is the ten thousands digit of 52134358?
3
What is the hundred thousands digit of 66056751?
0
What is the ten millions digit of 1577049692?
7
What is the ten thousands digit of 1160048119?
4
What is the thousands digit of 3117628173?
8
What is the ten millions digit of 446645855?
4
What is the millions digit of 26707336?
6
What is the hundreds digit of 96143122?
1
What is the hundred thousands digit of 2325713661?
7
What is the billions digit of 2640963899?
2
What is the millions digit of 424233441?
4
What is the millions digit of 1107691613?
7
What is the millions digit of 108481459?
8
What is the hundred thousands digit of 12583118?
5
What is the hundred thousands digit of 196366?
1
What is the units digit of 1234547060?
0
What is the hundreds digit of 138895362?
3
What is the tens digit of 323298166?
6
What is the millions digit of 16346584?
6
What is the hundred thousands digit of 2121177014?
1
What is the hundreds digit of 355939570?
5
What is the ten thousands digit of 29704475?
0
What is the hundred thousands digit of 10773715?
7
What is the hundreds digit of 38491557?
5
What is the thousands digit of 126711776?
1
What is the thousands digit of 3247060829?
0
What is the billions digit of 2264860313?
2
What is the thousands digit of 115192420?
2
What is the units digit of 2760402?
2
What is the units digit of 90822798?
8
What is the hundred millions digit of 4715478715?
7
What is the hundred thousands digit of 1390819094?
8
What is the ten millions digit of 367281171?
6
What is the hundreds digit of 37076137?
1
What is the hundred thousands digit of 120884888?
8
What is the ten thousands digit of 11851149?
5
What is the ten thousands digit of 88051267?
5
What is the units digit of 154626113?
3
What is the millions digit of 30705810?
0
What is the hundreds digit of 34453893?
8
What is the hundred millions digit of 496587902?
4
What is the thousands digit of 1157373967?
3
What is the ten millions digit of 121137766?
2
What is the units digit of 3725394306?
6
What is the ten thousands digit of 263967437?
6
What is the tens digit of 347226291?
9
What is the ten millions digit of 234499181?
3
What is the millions digit of 2837112512?
7
What is the tens digit of 1339389182?
8
What is the hundreds digit of 1264605444?
4
What is the hundreds digit of 417998671?
6
What is the hundreds digit of 841751443?
4
What is the ten millions digit of 94051833?
9
What is the units digit of 4553161?
1
What is the thousands digit of 1265681358?
1
What is the units digit of 398928505?
5
What is the millions digit of 87728901?
7
What is the ten thousands digit of 283983057?
8
What is the hundreds digit of 1656701467?
4
What is the units digit of 62064719?
9
What is the units digit of 67587738?
8
What is the tens digit of 1549478128?
2
What is the ten millions digit of 153188301?
5
What is the tens digit of 2907559932?
3
What is the tens digit of 228628836?
3
What is the thousands digit of 124459944?
9
What is the ten millions digit of 51049960?
5
What is the millions digit of 40767781?
0
What is the ten millions digit of 614826274?
1
What is the units digit of 22272119?
9
What is the hundreds digit of 813494737?
7
What is the ten thousands digit of 619376868?
7
What is the units digit of 355683722?
2
What is the hundreds digit of 218167858?
8
What is the hundred thousands digit of 7108652?
1
What is the hundred thousands digit of 1205025255?
0
What is the ten thousands digit of 1718127710?
2
What is the hundred millions digit of 755665088?
7
What is the ten thousands digit of 1231791111?
9
What is the hundred thousands digit of 5658421640?
4
What is the thousands digit of 188890520?
0
What is the billions digit of 1118925987?
1
What is the ten millions digit of 2633303201?
3
What is the ten millions digit of 838213026?
3
What is the thousands digit of 40474948?
4
What is the hundreds digit of 1153772760?
7
What is the hundreds digit of 224812386?
3
What is the tens digit of 6378450513?
1
What is the hundred thousands digit of 37374212?
3
What is the hundred thousands digit of 33277046?
2
What is the tens digit of 167901125?
2
What is the hundred millions digit of 402620673?
4
What is the hundred thousands digit of 42148046?
1
What is the hundred thousands digit of 1107852387?
8
What is the ten millions digit of 32248893?
3
What is the millions digit of 1157321801?
7
What is the ten millions digit of 359242584?
5
What is the hundred thousands digit of 188159882?
1
What is the hundred millions digit of 1821616709?
8
What is the ten millions digit of 474526391?
7
What is the hundreds digit of 47599369?
3
What is the tens digit of 5003611?
1
What is the units digit of 83806654?
4
What is the millions digit of 169327726?
9
What is the tens digit of 257789928?
2
What is the hundreds digit of 2048945977?
9
What is the units digit of 3524162370?
0
What is the hundred thousands digit of 936799392?
7
What is the hundred thousands digit of 7669806?
6
What is the ten thousands digit of 40460122?
6
What is the tens digit of 24565596?
9
What is the millions digit of 994480086?
4
What is the ten thousands digit of 769263939?
6
What is the ten millions digit of 1062914889?
6
What is the units digit of 20756445?
5
What is the tens digit of 129892757?
5
What is the ten thousands digit of 17252065?
5
What is the thousands digit of 49953914?
3
What is the units digit of 48886670?
0
What is the hundred thousands digit of 20154887?
1
What is the hundreds digit of 19055193?
1
What is the hundreds digit of 839582664?
6
What is the units digit of 316538053?
3
What is the hundred thousands digit of 911769447?
7
What is the hundreds digit of 92451929?
9
What is the millions digit of 661116718?
1
What is the ten millions digit of 52230975?
5
What is the hundred thousands digit of 86003762?
0
What is the ten millions digit of 1402903665?
0
What is the thousands digit of 1762037298?
7
What is the millions digit of 25273179?
5
What is the ten thousands digit of 129089401?
8
What is the hundred thousands digit of 6862165193?
1
What is the thousands digit of 91309345?
9
What is the millions digit of 1826536379?
6
What is the units digit of 923010320?
0
What is the units digit of 31994354?
4
What is the thousands digit of 59711704?
1
What is the millions digit of 9021575?
9
What is the billions digit of 2487740751?
2
What is the ten thousands digit of 3572052131?
5
What is the hundred thousands digit of 2234613219?
6
What is the thousands digit of 19563889?
3
What is the units digit of 2612579823?
3
What is the ten millions digit of 62847655?
6
What is the hundreds digit of 1843400586?
5
What is the tens digit of 343271639?
3
What is the millions digit of 13710320?
3
What is the tens digit of 2120896955?
5
What is the units digit of 475352025?
5
What is the ten thousands digit of 1181098104?
9
What is the tens digit of 485081250?
5
What is the thousands digit of 199845303?
5
What is the millions digit of 589732164?
9
What is the tens digit of 62036484?
8
What is the ten thousands digit of 37961527?
6
What is the hundred thousands digit of 103030715?
0
What is the hundreds digit of 97592244?
2
What is the ten millions digit of 76238139?
7
What is the thousands digit of 3036951?
6
What is the millions digit of 2461227425?
1
What is the hundred millions digit of 411199307?
4
What is the millions digit of 45577054?
5
What is the hundreds digit of 7637087?
0
What is the thousands digit of 35542501?
2
What is the thousands digit of 234129034?
9
What is the ten millions digit of 555280090?
5
What is the ten millions digit of 54055839?
5
What is the thousands digit of 42699212?
9
What is the thousands digit of 2828329927?
9
What is the ten thousands digit of 26426440?
2
What is the ten millions digit of 42792988?
4
What is the hundreds digit of 2910995013?
0
What is the hundred thousands digit of 226776881?